1 - -6) + (5 - 2)) - (-12 - -121).
-103
What is -1 + -55 + -1 + 10 + 6 + (-31 - -21)?
-51
0 + -6 - (16 + -2 + (66 - 7 - 77))
-2
What is the value of (-33 - -30) + (37 - (-10 - -27))?
17
1 + 18 - ((-5 - -33) + -4)
-5
Calculate 13 - (30 - (32 + -16 + 47)).
46
-9 + -30 + -30 + 69 - -5
5
What is the value of (-294 - -141 - -133) + 118?
98
Calculate -79 - (131 - (-125 + 255)).
-80
-19 - (4 + -1 + -7 - (16 + -9))
-8
What is -46 + (9 - (17 + 7 - 14))?
-47
Calculate (1 - (-15 + 1)) + (1918 - 1925).
8
Evaluate -9 + -1 + -40 + 47 + -11.
-14
What is the value of (0 + -6 - (9 - 21)) + (8 - 5) + 60?
69
(-1 - -10) + (-3 - -1) + -4 - (-52 + 24)
31
What is -32 + 1 - (29 - (9 + 56 + -23))?
-18
What is 3 - (16 + (-36 - (-21 + 5)) - (-5 - 1))?
1
Calculate (-76 - 55) + 6 - (3 + 2 + 1 + 1).
-132
What is (-17 - -14) + (-26 - -4) + (-1 - (12 - 6))?
-32
Calculate 58 + -44 + 86 - 101.
-1
-32 - ((71 - 42) + -44)
-17
Calculate (6 - 1) + -42 + 1 - (-30 + -50 + 80).
-36
What is the value of (0 - -17) + (2 - (6 + -15) - 29)?
-1
0 + -30 + 4077 + -4060
-13
What is the value of -16 + -10 + -49 + 0 + (2 - -5)?
-68
What is -34 - -2 - (-1980 + 1994)?
-46
Evaluate (0 - (-8 + -1)) + (87 + -60 + 34 - 90).
-20
Evaluate (-5 + 4 - 18) + (-2 - -11) - -75 - -2.
67
-28 + 14 + (-17 - -4) + 22
-5
What is the value of 0 + 0 + 1 - (-4 + (-3 - 51) + 16)?
43
What is the value of 68 + -101 + 10 - (22 - -2)?
-47
What is the value of -51 + (84 - -33) - 36?
30
1 + -1 + 34 - (38847 - 38866)
53
25 + -67 + (-2 + 0 - (-3 - 0) - -2)
-39
Calculate -10 + -55 + 57 + 35.
27
What is 122 + -116 + (7 - -1) + (12 - -9)?
35
What is the value of -4877 - -4943 - (0 - -43)?
23
-49 + 60 + 2 + 30 + (-2 - -9) + -4
46
What is 78 + 124 + -186 + 32?
48
(-74 - (-25 - -31)) + 22 + -2
-60
Calculate (5 - (-3 - -5)) + -15 - 48 - (-29 + 24).
-55
What is (-2 - -3 - 28) + (89 - (159 - 81))?
-16
Calculate -75 + (5 - -25) + -2 + 4.
-43
Calculate -59 + (63 - 49) + 20.
-25
-14 - ((45 - 34) + -35)
10
49 + -16 + -3 + -13 - -19
36
What is -2 + -15 + (36 - -16) + -11?
24
Evaluate -239 + 280 + 83 + -16.
108
What is -2019 + 1852 - (-3 + -244)?
80
What is the value of (-36 - 4) + 15 + (8 - 11 - -9)?
-19
What is the value of 4 - (1 + 72 + 0 + -9 + (-224 - -229))?
-65
Calculate (-86 - -66) + 13 - ((-2 - -7) + -63).
51
Calculate 2 + -50 + (145 - 185).
-88
Evaluate (1 - 4) + 70 - (-2269 + 2297).
39
What is (2623 - 2611) + -4 + 7 + 0 + 1?
16
Calculate (26 - (87 + -61)) + -36 - (0 + 13 - 1).
-48
What is 0 - (-15 - 14) - -11 - -7?
47
Calculate 1 + -24 + (2973 - 2914).
36
Evaluate -211 - -180 - (4 + -2) - -182.
149
Evaluate -108 + (147 + -66 - 12).
-39
Calculate -555 - -579 - (-100 - (-7 + 1)).
118
What is the value of 1 - 1 - 83 - (138 + -5 + -150)?
-66
(12 - 1) + 12 - (12 + 58)
-47
Calculate 44 + -3 + (795 - 774).
62
What is the value of -1 + 122 + -3 + -7 + 13 + -21?
103
Calculate (38 - (-8 + 6)) + 185 + -163.
62
What is the value of 6 - (-12 - (4 + -7 + 17 + -14 - 14))?
4
What is (45 - -23) + (-256 - -166)?
-22
57 + (-31 - 76) - -31
-19
What is the value of (35 - 4) + (-167 - (-127 + 13))?
-22
Calculate (245 - (185 + -90)) + -57.
93
Calculate (2 + (-65 - 2) - (74 - (34 + 41))) + 5.
-59
Evaluate 8 + (12 - (13 + 20)) + (-57 - -11).
-59
What is the value of -19 + 15 + 0 + -24 + 15?
-13
Evaluate -30 + 26 + 34 - (-53 - -11).
72
Evaluate (-11782 - -11823) + (-2 - 14 - 2 - -1).
24
Evaluate 4 - -5 - -4 - (-37 + 23 - 27).
54
What is the value of 82 + 0 - (-20918 - -20992)?
8
(1 + (-11 - -8) - -13) + (10 - 67)
-46
Calculate 37 + -18 + -45 + 27.
1
-23 - (-128 - (-101 - 43))
-39
Calculate 3 + 8 + (100 - 124).
-13
What is 5 + (-18 - (-15 + -19) - 12)?
9
What is (-2 - -9) + (47 - 23) + -31?
0
Calculate (4 + -14 - 2 - -19) + 5 + -46.
-34
-3612 + 3615 + 19 + 0
22
Evaluate (-71 - 23) + (6 + -10 - -20) + 8 + 2.
-68
-9 + (1 + 12 - (-33 - -38 - 11))
10
What is the value of -109 + 75 - 48 - -93?
11
What is 11 + -8 + (15 + -19 + -14 - 0)?
-15
What is the value of 72 + (11 + -10 - (1 - 9) - (1 + 5))?
75
264 + -254 + -20 + 1 + -4 + (-69 - -1)
-81
-70 - (12 - (12 - (38 + -29 - (4 - -2))))
-73
What is -5 + -60 + 9 + 6?
-50
What is 48 - -8 - (166 + -157)?
47
Evaluate (38 + -62 - -26) + 36 + -1.
37
What is (-27 - 15) + 19 + 2 + (-17 - -5)?
-33
Calculate (-21 - ((11 - -38) + -22)) + 16.
-32
Calculate 2 + -10 + (-350 - -307) + (4 - -20).
-27
-17 + 3 - ((-30 - (0 - 17)) + -112)
111
-17 + 33 + 8 + -4 + 18
38
What is the value of -6 - (6 + 0 - -1 - 28 - 13)?
28
Calculate (-118 - -36 - -51) + 45.
14
Calculate -79 - (-172 - (-142 - -61)).
12
Evaluate (28 + -1 - (-24 - -52 - 16)) + 43.
58
What is 1 + -8 - ((-6 - 0) + -13)?
12
Evaluate 58 + 23 + -95 + (-35 - 1).
-50
Calculate (1 - 4) + 24 + -5 + -15 + (-61 - -10).
-50
Calculate (-1 - (-6 + -6 + 5)) + 40 + -4.
42
-18 + 0 + (36 - (10 + 88 + -21))
-59
Calculate (-18 - 22 - -77) + -107.
-70
What is the value of -17 + (-168 - -125) + 2 + -2 + 9?
-51
Evaluate -77 + -16 - -32 - (-1 + -6 + 4 + 8).
-66
Calculate 4 - (1 - -2) - (9 + 29 + -14 - -7).
-30
What is the value of -114 - (23 - (-16 - -96))?
-57
2 - ((31 - (67 - 58)) + (68 - 1))
-87
What is 2732 - 2888 - (1 + (3 - 2) - 14)?
-144
Calculate -36 + 29 - ((5 - 6) + 49 + 8).
-63
What is 12 + ((15 - 20) + 14 - (4 + -4 - -9))?
12
Calculate 132 - (-26 - -101) - 6.
51
What is (31 + -39 - -9) + 28 + 24?
53
What is the value of 48 - 38 - (90 - (1 - 3))?
-82
-14 + (-16 - -67 - 53)
-16
Evaluate 3 + -108 - 13 - ((-15 - -8) + 7).
-118
What is (-70 - 47) + 38 + 123?
44
What is -1 - (-55 + -26 + 15 + (-3 - -5) + -4)?
67
Evaluate (-8 + 6 + 11 - -37) + -24 + 41.
63
(-886 - -906) + 0 + (0 - 15)
5
Calculate -28 - (-1 - 39 - -61).
-49
Evaluate (-33 - -60) + -43 + -5 + 4 + 58.
41
-62 - (9 - (9 - (-10 + -15)))
-37
What is -2 + (34 - (40 - 20 - 30))?
42
What is -54 + -46 + 131 - 62?
-31
Evaluate -2 + (16 - (24 + -11 + -1)).
2
What is the value of (1 - 79) + -13597 + 13712?
37
What is the value of -43 - 1 - (1168 + -1257)?
45
22 + (12 - 85 - 1)
-52
What is (-6 - 1 - (-51 + 54)) + -47 + 7 - 0?
-50
What is (-55 - -23 - -54 - (18 + -3)) + -1 + 1?
7
What is 97 - ((42 - 51) + 43)?
63
Evaluate -91 + (5 + 18 - -28).
-40
Evaluate -148 + 146 + -21 + 1 + 33.
11
What is the value of -370 + -365 + 773 - (90 + 1)?
-53
Calculate -13 + -14 + 26 + 2 + 16.
17
Calculate -45 + 53 - -3 - (-6 - -3 - 2).
16
What is the value of 87 + 26 - (52 + 10)?
51
What is (-1 - -31) + 6 - 22 - (85 - -1)?
-72
Evaluate 80 + -122 + 38 - (-19 - (2 - 3)).
14
What is -76 + 74 + 23 - 50?
-29
(-15 + 80 - -18) + (-5 + 4 - -5 - 3)
84
What is the value of (-2 - (-17 - 3)) + (-264 - -257) + -79?
-68
What is 14861 + -14803 + (-6 - (-1 - -1))?
52
Calculate 44 + (-405 - -341) + -36 + 2.
-54
Evaluate (-358 - -336) + 40 + -3.
15
-4 - ((524 - 522 - (0 - -5)) + 78 + 2)
-81
Calculate -55 - ((-28 - -33) + 11) - 21.
-92
(437 - 409) + 1 + 16 + -8
37
33 + -14 + -44 - -79
54
Evaluate (1 - -2) + (45 - 12) + -2 + 0.
34
What is 57 - (-4 + 118 + -30)?
-27
Evaluate 4 + (-39 - (-73 + 62)).
-24
What is (35 - 59) + -6 - -25 - -31?
26
Evaluate -272 + 343 + 15 + -64.
22
Calculate 78 - -2 - (-2258 - -2273).
65
-60 + (27 - (44 + -7 + -18)) + 0
-52
Calculate 15 + -3 + (-5 + 11 - 10) + -50.
-42
What is the value of -50 - (-55 + 0 - 7)?
12
What is (-34 + 51 - (3 + -1)) + -8 - (1 - -80)?
-74
10 + (-9 - (6 - 8) - -49) + -5
47
What is -21 + -1 + 34 - (17 + -2) - 6?
-9
What is the value of (13 - 2 - 19 - -38 - -18) + -8 + 3?
43
What is -44 - (-31 + 69 + -69)?
-13
What is the value of -31 + -24 - (-32 + 31 + (0 - 12))?
-42
What is 20 + (-2 - 5 - 1) + 2 + -19?
-5
1 - -1 - (-3 + 59) - (10 - (40 - 28))
-52
What is 6 + 12 + -60 - -6 - -98?
62
What is the value of -30 + 0 - (-120 - (7 - 28))?
69
Evaluate -16 + (-186 - -58) - -93.
-51
Evaluate 22 - (-24 + -9 - -70) - 87.
-102
What is the value of (113 + 0 - 44) + (-27 - -4)?
46
What is the value of -107 + (112 - 78 - (-9 - -27))?
-91
Evaluate (1 - -11 - (-17 + 24 - 4)) + (3 - -64).
76
Calculate 41 + -44 + (1 - -2 - -11 - 1).
10
Calculate 18 - (-11 + 10 + 8 - (-78 - -73)).
6
What is the value of -7 - (-46 - ((16 - 1) + -175 + 175))?
54
Calculate 1 - (17 + (-87 - (7 - 3)) + -6).
81
Evaluate 1 + -83 + 10828 + -10799.
-53
Evaluate -2 + (7 - 23) + (35 - 23) - (69 + -2).
-73
What is the value of -1 - (-60 + 83 + 7)?
-31
What is 40 + 0 + -20 +